973*f**2 + 5*f. Let v be i(-1). Suppose 262 + v = 15*c. What is the highest common factor of c and 656?
82
Suppose -4*y = -2*h + 7630, -34*h + 3819 = -33*h - 4*y. Calculate the greatest common divisor of 37 and h.
37
Let z be 1/(-2) + (-49)/(-2). Let b be (41 - -1) + -5 + 5. Suppose 0 = 2*f + 2*q - b, -4*q + 20 = 2*f - 16. Calculate the greatest common divisor of f and z.
24
Let i = 9507 - 9021. Suppose -q + 5*f + 25 + 39 = 0, 276 = 5*q - 3*f. Calculate the greatest common factor of q and i.
54
Suppose 0 = -21*k + 26*k + s - 6213, 4*s = 3*k - 3714. What is the highest common divisor of k and 782?
46
Let q(r) = 26*r**2 + 30*r + 43. Let u be q(20). Calculate the greatest common divisor of u and 27.
27
Let y be 15/45 + 356/3. Suppose 4*n = 5*o - 116, -5*n + y = 5*o - 6*n. Calculate the highest common divisor of 78 and o.
6
Let j be (-2)/31 - (-14)/(5208/184164). Calculate the greatest common factor of j and 72.
9
Let c = 151 - 147. Suppose 2*j - 4 = j + v, -3*j = c*v - 5. What is the greatest common factor of j and 24?
3
Suppose -72*r - 248*r + 789956 = -469884. Calculate the highest common factor of 62 and r.
31
Let g(x) = -x**3 + 3*x**2 + 2*x + 1. Let m be g(3). Let y(l) = -l**2 - 1070*l - 5290. Let c be y(-5). Calculate the highest common divisor of c and m.
7
Let w be 2/7 - (-792)/168. Let x(h) = -h**3 + 7*h**2 - 10*h + 18. Let f be x(w). What is the highest common factor of f and 18?
18
Let u = 4211 + -1971. What is the highest common divisor of u and 168?
56
Suppose 2451 + 1713 + 3791 = 43*y. What is the highest common factor of 15 and y?
5
Suppose 0 = 18*a + 45*a - 2*a - 842166. Calculate the greatest common factor of 234 and a.
234
Suppose 4*t - 2*t - v - 46 = 0, 0 = 3*t - v - 72. Calculate the greatest common divisor of t and 1313.
13
Suppose -d + 5*y = -48, 5*d - 56 = 3*y + 272. Suppose 63*l = d*l - 7120. Calculate the highest common divisor of 89 and l.
89
Let t be 8/12 - 102980/(-114). What is the highest common divisor of 1017 and t?
113
Let k be (77/3)/((-3)/(-27)). Let d = 6003 + -5981. What is the highest common divisor of k and d?
11
Let w be (-4)/10 - 984/(-10). Suppose -4*b = -4*u + 236, -5 = -2*u + b + 117. Let f be (-18)/u + (-1717)/(-7). What is the highest common factor of w and f?
49
Let f be -24*2/(4/(-5)). Suppose 9 = -2*q + 11. Let a be (3 - q)*(4 + -9 + 17). What is the highest common divisor of f and a?
12
Let b(u) = u**3 - 4*u**2 - u - 4. Let y be b(5). Let n = 12712 + -12456. Calculate the greatest common divisor of y and n.
16
Let i be (3 - (0 + -1))/1. Let v(c) be the third derivative of -c**5/60 + 5*c**3/6 - 5*c**2 + 6. Let x be v(2). What is the greatest common divisor of x and i?
1
Let k = -10288 + 10324. What is the highest common factor of 5706 and k?
18
Suppose -5*a + 63 = -c - 536, a - 99 = -5*c. Calculate the greatest common divisor of 663 and a.
17
Suppose 2*d - 12 = 2*j, -d + 4*d = -5*j + 10. Suppose d*u + u - 60 = 0. Let c be (u/(-25))/((-1)/45). What is the highest common divisor of 12 and c?
6
Let n be (-20)/(0 - (1 + 1)). Let z(w) = w**3 - 75*w**2 + w + 45. Let m be z(75). What is the greatest common factor of n and m?
10
Let v(t) = -12*t**3 - 52*t**2 + 35*t - 3. Let w be v(-6). What is the highest common divisor of w and 1053?
39
Suppose -119 = 5*c + 3*z - 1034, -5*z + 732 = 4*c. Let i = 225 - c. What is the highest common divisor of 98 and i?
14
Let t(s) be the third derivative of 7*s**5/60 - s**4/8 - s**3/2 + s**2. Let i = 2848 + -2849. Let z be t(i). What is the greatest common divisor of 56 and z?
7
Let d be (-5)/25 + (-87525)/(-125). Calculate the highest common divisor of 1540 and d.
140
Let b = 6058 + -5994. What is the highest common divisor of b and 1208?
8
Suppose -2*j + u + 436 = 0, -5*j + 560 = u - 537. What is the highest common divisor of 1679 and j?
73
Let v(m) = -m**2 + 42*m - 54. Let a be v(31). Suppose 0*w - w - 3*j + a = 0, j + 3 = 0. What is the greatest common divisor of w and 8?
8
Let c(i) = 44*i + 4. Let a be 2*(2 - -4)/3. Let l be c(a). Let p = -493 - -513. What is the highest common divisor of l and p?
20
Let z be 12/16*-2 + (-81)/(-2). Suppose -337 = -4*b + z. Calculate the highest common factor of b and 47.
47
Suppose -d - d + 18 = 0. Let x = 7 - -1. Suppose n - f = 32, -10*f + 8 = -x*f. What is the highest common factor of n and d?
9
Let y(j) = 2*j**2 + 20*j + 23. Let q be y(-9). Suppose -t - 900 = -q*t. What is the highest common divisor of 45 and t?
45
Let c = -123186 + 123219. Let a be (-2)/(-5) - 26/(-10). Suppose -58 + 12 = -a*f - 5*t, 5*t = -20. What is the highest common divisor of c and f?
11
Suppose 4*y - 6*y + 15 = 5*i, -13 = -y + 3*i. Let c(a) = 41*a**2 + 103*a + 6. Let d be c(-4). Calculate the greatest common factor of d and y.
10
Let a be 38/3*9/6. Suppose -63954 = -120*m - 78*m. Calculate the highest common divisor of a and m.
19
Suppose -2*u + 3 + 3 = 0. Suppose u*n = -m + 11, -5*m - 10 = 10. Calculate the highest common factor of n and 25.
5
Let y(m) = -m**3 + 5*m**2 + 4*m + 5. Let p be y(5). Let d(f) = 7 - 14 - 14 - 5 - 1 + 51*f. Let s be d(2). Calculate the greatest common factor of s and p.
25
Suppose -16*u + 0*u - 2131 = -2611. Calculate the greatest common divisor of u and 9390.
30
Let i(q) = q**3 + 9*q**2 - 17*q - 21. Let v be i(-6). What is the highest common divisor of v and 729?
27
Let y be (0 - (-132)/10)/(28/70). Suppose -21*s + 24*s + 3 = 0. Let j be ((-36)/(-4) - -2)/(2 + s). What is the greatest common factor of j and y?
11
Let y(d) = -d**3 + 9*d**2 - 15*d + 3. Let p be y(6). Let r = 30 - p. Calculate the highest common divisor of 153 and r.
9
Suppose 81*l = 66*l + 14295. Suppose 5003 = 18*o + l. Calculate the greatest common factor of o and 18.
9
Suppose -123*q + 19*q + 36 + 1212 = 0. What is the greatest common divisor of q and 2316?
12
Let z be (-3)/((-37)/(-40) + -1). Suppose -5*g + 122*r = 127*r - 280, 6*r + 144 = 2*g. Calculate the highest common factor of z and g.
20
Let d = 164 + -307. Let z = d + 170. Let p(m) = m**2 + 2. Let q be p(-4). Calculate the greatest common divisor of q and z.
9
Let w(t) = 22*t - 4. Let g be w(3). Suppose 36 = 1650*b - 1632*b. What is the greatest common divisor of g and b?
2
Let i = 549 + -545. Suppose -2*w + 19 = h - 5*w, i*w + 8 = 0. What is the greatest common factor of h and 247?
13
Suppose -17*o = 16*o - 18824 - 28531. Calculate the greatest common factor of 123 and o.
41
Let u be ((-62)/93)/(8/6)*0. Let m be (-70)/(-6) - (u + 3/(-9)). Calculate the highest common factor of 384 and m.
12
Suppose 4*l = -2*j + 8, -18 = -5*j + 3*j + l. What is the highest common factor of j and 1208?
8
Suppose 9*m - 4867 = 632. Let n = m + -569. Calculate the greatest common divisor of 35 and n.
7
Let c be 13/(1 + -1 + 1). Suppose b - g = 5 - 0, -3*g = -2*b + c. Suppose b*i - 24 = 40. What is the highest common divisor of i and 16?
16
Suppose 9 = 3*t - 30. Suppose -30 = 5*a + 3*f - 2*f, 18 = -3*a + 2*f. Let j be (a/8)/(-3) - (-1557)/12. Calculate the highest common factor of t and j.
13
Suppose -3*w = -3*x - 3, 0 = -4*w - 4*x - 11 + 31. What is the greatest common divisor of w and 681?
3
Suppose -3*c = -4*o - 11 - 11, 0 = 2*c + 5*o + 16. Let x be -2*c*-3*15/12. Suppose -x*a + 10*a = -90. Calculate the greatest common divisor of a and 45.
9
Suppose 5*z + 40 = 2*a, 4*z + 34 + 34 = 4*a. Suppose -175 + a = -10*r. Suppose -3*s - s = -r. Calculate the highest common factor of s and 36.
4
Let j be -48*20/(-18)*(-252)/(-48). Calculate the greatest common divisor of 350 and j.
70
Let d = 433 + -371. Suppose 4*x - u - 32 - 72 = 0, 2*x - d = 3*u. Calculate the greatest common divisor of x and 425.
25
Suppose 3*x + 60 = 9*x. Let l = -122 - -126. Suppose -u + 23 = 4*s, -l*s = s - 10. Calculate the greatest common divisor of u and x.
5
Suppose -655 + 497 = -2*z + 2*p, 2*p + 2 = 0. Calculate the greatest common divisor of z and 3471.
39
Let p be 183 - (-27)/(81/(-9)). Calculate the greatest common divisor of p and 396.
36
Let a = 79193 - 55478. Calculate the highest common divisor of 837 and a.
279
Let d be (-54)/(681/(-1350) - 16/(-36)). Suppose -95*c + d = -93*c. Calculate the greatest common divisor of c and 18.
18
Let o(v) = -v**3 + 34*v**2 - 69*v - 263. Let r be o(31). What is the greatest common divisor of r and 13?
13
Let 